{"id":31,"date":"2014-01-22T10:53:00","date_gmt":"2014-01-22T08:53:00","guid":{"rendered":"http:\/\/musokai.fi\/httpdocs\/WP\/?page_id=31"},"modified":"2025-08-12T15:32:41","modified_gmt":"2025-08-12T13:32:41","slug":"harjoitusajat","status":"publish","type":"page","link":"https:\/\/www.musokai.fi\/httpdocs\/WP\/?page_id=31","title":{"rendered":"Harjoitusajat"},"content":{"rendered":"\n<ul class=\"wp-block-list\">\n<li>Harjoitukset jatkuvat syyskuun alusta.<\/li>\n\n\n\n<li>Harjoitusajat 1.9 alkaen on ilmoitettu alla<\/li>\n\n\n\n<li>Harjoitusaikojen poikkeuksista tiedotetaan <a href=\"https:\/\/www.musokai.fi\/httpdocs\/WP\/?cat=6\">Ajankohtaista<\/a> osiossa, sek\u00e4 seuran Whatsapp kanavalla.<\/li>\n\n\n\n<li>Musokai harjoittelee Oulussa <a href=\"https:\/\/goo.gl\/maps\/k1LPjt8DGhb1Hurn9\" target=\"_blank\" rel=\"noreferrer noopener\">\u00c4im\u00e4kujalla<\/a>, sek\u00e4 Haukiputaalla <a href=\"https:\/\/goo.gl\/maps\/cqwhc5EEqeKqAy7f7\" target=\"_blank\" rel=\"noreferrer noopener\">Aseman koululla<\/a>.<\/li>\n\n\n\n<li><strong>Huomatkaa muuttuneet harjoitusajat<\/strong><\/li>\n<\/ul>\n\n\n\n<h2 class=\"wp-block-heading\">Oulu<\/h2>\n\n\n\n<p>Vapaavuorot ovat osittain ohjatut, mutta ei takeita ett\u00e4 on ohjaaja paikalla.<\/p>\n\n\n\n<figure class=\"wp-block-table is-style-regular\"><table><tbody><tr><td><strong>Ohjatut<\/strong><\/td><td><\/td><td><\/td><\/tr><tr><td>Ma<\/td><td>17:00 &#8211; 18:30<\/td><td>Kobudo\/Karate: Aikuiset ja nuoret yli 13v.<\/td><\/tr><tr><td>Ke<\/td><td>17:00 &#8211; 18:00<\/td><td>Karate: Junnut 7\u201313v.<\/td><\/tr><tr><td>Ke<\/td><td>18:00 &#8211; 19:30<\/td><td>Karate: Aikuiset ja nuoret yli 13v. <\/td><\/tr><tr><td><\/td><td><\/td><td><\/td><\/tr><tr><td>To<\/td><td>16:00 &#8211; 17:00<\/td><td>Vapaavuoro<\/td><\/tr><tr><td>To<\/td><td>17:00 &#8211; 18:00<\/td><td>Karate: Junnut jatkokurssi <\/td><\/tr><tr><td>To<\/td><td>18:00 &#8211; 19:30<\/td><td>Karate Kata: Aikuiset ja nuoret yli 13v.<\/td><\/tr><tr><td><\/td><td><\/td><td><\/td><\/tr><tr><td><strong>Kids<\/strong><\/td><td><\/td><td><\/td><\/tr><tr><td>Su<\/td><td>16:30 &#8211; 17:30<\/td><td>Karate Kids  5-6v<\/td><\/tr><tr><td><strong>Kilparyhm\u00e4<\/strong><\/td><td><\/td><td><\/td><\/tr><tr><td>Ti<\/td><td>19:30 &#8211; 21:00<\/td><td>Kilparyhm\u00e4 \u00c4im\u00e4kuja<\/td><\/tr><tr><td>La<\/td><td>11:00 &#8211; 12:30<\/td><td>Kilparyhm\u00e4 \u00c4im\u00e4kuja<\/td><\/tr><tr><td><\/td><td><\/td><td><\/td><\/tr><\/tbody><\/table><\/figure>\n\n\n\n<h2 class=\"wp-block-heading\">Haukipudas (huomaa muuttuneet ajat)<\/h2>\n\n\n\n<figure class=\"wp-block-table is-style-regular\"><table><tbody><tr><td>Ti<\/td><td>18:30 &#8211; 19:30<\/td><td>Junnut 7 &#8211; 13v ja nuoret yli 13v.<\/td><\/tr><tr><td>To<\/td><td>18:00 &#8211; 19:00<\/td><td>Junnut 7 &#8211; 13v ja nuoret yli 13v.<\/td><\/tr><tr><td><\/td><td><br><\/td><td><\/td><\/tr><\/tbody><\/table><\/figure>\n\n\n\n<h2 class=\"wp-block-heading\"><br><\/h2>\n","protected":false},"excerpt":{"rendered":"<p>Oulu Vapaavuorot ovat osittain ohjatut, mutta ei takeita ett\u00e4 on ohjaaja paikalla. Ohjatut Ma 17:00 &#8211; 18:30 Kobudo\/Karate: Aikuiset ja nuoret yli 13v. Ke 17:00 &#8211; 18:00 Karate: Junnut 7\u201313v. Ke 18:00 &#8211; 19:30 Karate: Aikuiset ja nuoret yli 13v. To 16:00 &#8211; 17:00 Vapaavuoro To 17:00 &#8211; 18:00 Karate: [&hellip;]<\/p>\n","protected":false},"author":1,"featured_media":0,"parent":0,"menu_order":4,"comment_status":"closed","ping_status":"closed","template":"","meta":{"ngg_post_thumbnail":0,"footnotes":""},"class_list":["post-31","page","type-page","status-publish","hentry"],"_links":{"self":[{"href":"https:\/\/www.musokai.fi\/httpdocs\/WP\/index.php?rest_route=\/wp\/v2\/pages\/31","targetHints":{"allow":["GET"]}}],"collection":[{"href":"https:\/\/www.musokai.fi\/httpdocs\/WP\/index.php?rest_route=\/wp\/v2\/pages"}],"about":[{"href":"https:\/\/www.musokai.fi\/httpdocs\/WP\/index.php?rest_route=\/wp\/v2\/types\/page"}],"author":[{"embeddable":true,"href":"https:\/\/www.musokai.fi\/httpdocs\/WP\/index.php?rest_route=\/wp\/v2\/users\/1"}],"replies":[{"embeddable":true,"href":"https:\/\/www.musokai.fi\/httpdocs\/WP\/index.php?rest_route=%2Fwp%2Fv2%2Fcomments&post=31"}],"version-history":[{"count":167,"href":"https:\/\/www.musokai.fi\/httpdocs\/WP\/index.php?rest_route=\/wp\/v2\/pages\/31\/revisions"}],"predecessor-version":[{"id":3018,"href":"https:\/\/www.musokai.fi\/httpdocs\/WP\/index.php?rest_route=\/wp\/v2\/pages\/31\/revisions\/3018"}],"wp:attachment":[{"href":"https:\/\/www.musokai.fi\/httpdocs\/WP\/index.php?rest_route=%2Fwp%2Fv2%2Fmedia&parent=31"}],"curies":[{"name":"wp","href":"https:\/\/api.w.org\/{rel}","templated":true}]}}

<ul class="wp-block-list">
<li>Harjoitukset jatkuvat syyskuun alusta.</li>



<li>Harjoitusajat 1.9 alkaen on ilmoitettu alla</li>



<li>Harjoitusaikojen poikkeuksista tiedotetaan <a href="https://www.musokai.fi/httpdocs/WP/?cat=6">Ajankohtaista</a> osiossa, sekä seuran Whatsapp kanavalla.</li>



<li>Musokai harjoittelee Oulussa <a href="https://goo.gl/maps/k1LPjt8DGhb1Hurn9" target="_blank" rel="noreferrer noopener">Äimäkujalla</a>, sekä Haukiputaalla <a href="https://goo.gl/maps/cqwhc5EEqeKqAy7f7" target="_blank" rel="noreferrer noopener">Aseman koululla</a>.</li>



<li><strong>Huomatkaa muuttuneet harjoitusajat</strong></li>
</ul>



<h2 class="wp-block-heading">Oulu</h2>



<p>Vapaavuorot ovat osittain ohjatut, mutta ei takeita että on ohjaaja paikalla.</p>



<figure class="wp-block-table is-style-regular"><table><tbody><tr><td><strong>Ohjatut</strong></td><td></td><td></td></tr><tr><td>Ma</td><td>17:00 &#8211; 18:30</td><td>Kobudo/Karate: Aikuiset ja nuoret yli 13v.</td></tr><tr><td>Ke</td><td>17:00 &#8211; 18:00</td><td>Karate: Junnut 7–13v.</td></tr><tr><td>Ke</td><td>18:00 &#8211; 19:30</td><td>Karate: Aikuiset ja nuoret yli 13v. </td></tr><tr><td></td><td></td><td></td></tr><tr><td>To</td><td>16:00 &#8211; 17:00</td><td>Vapaavuoro</td></tr><tr><td>To</td><td>17:00 &#8211; 18:00</td><td>Karate: Junnut jatkokurssi </td></tr><tr><td>To</td><td>18:00 &#8211; 19:30</td><td>Karate Kata: Aikuiset ja nuoret yli 13v.</td></tr><tr><td></td><td></td><td></td></tr><tr><td><strong>Kids</strong></td><td></td><td></td></tr><tr><td>Su</td><td>16:30 &#8211; 17:30</td><td>Karate Kids  5-6v</td></tr><tr><td><strong>Kilparyhmä</strong></td><td></td><td></td></tr><tr><td>Ti</td><td>19:30 &#8211; 21:00</td><td>Kilparyhmä Äimäkuja</td></tr><tr><td>La</td><td>11:00 &#8211; 12:30</td><td>Kilparyhmä Äimäkuja</td></tr><tr><td></td><td></td><td></td></tr></tbody></table></figure>



<h2 class="wp-block-heading">Haukipudas (huomaa muuttuneet ajat)</h2>



<figure class="wp-block-table is-style-regular"><table><tbody><tr><td>Ti</td><td>18:30 &#8211; 19:30</td><td>Junnut 7 &#8211; 13v ja nuoret yli 13v.</td></tr><tr><td>To</td><td>18:00 &#8211; 19:00</td><td>Junnut 7 &#8211; 13v ja nuoret yli 13v.</td></tr><tr><td></td><td><br></td><td></td></tr></tbody></table></figure>



<h2 class="wp-block-heading"><br></h2>

<p>Oulu Vapaavuorot ovat osittain ohjatut, mutta ei takeita että on ohjaaja paikalla. Ohjatut Ma 17:00 &#8211; 18:30 Kobudo/Karate: Aikuiset ja nuoret yli 13v. Ke 17:00 &#8211; 18:00 Karate: Junnut 7–13v. Ke 18:00 &#8211; 19:30 Karate: Aikuiset ja nuoret yli 13v. To 16:00 &#8211; 17:00 Vapaavuoro To 17:00 &#8211; 18:00 Karate: [&hellip;]</p>
